 7) to base 4
2120302
Convert -43b9 (base 15) to base 5.
-424344
Convert -22548 (base 10) to base 12.
-11070
Convert 1000000100000 (base 2) to base 8.
10040
Convert 102321 (base 4) to base 2.
10010111001
What is 243141 (base 7) in base 6?
541113
What is 11ab0 (base 13) in base 15?
99cb
What is -20443 (base 6) in base 8?
-5313
What is -2153 (base 10) in base 2?
-100001101001
What is -1808 (base 11) in base 14?
-bab
What is 696 (base 12) in base 2?
1111010010
3451 (base 13) to base 15
228d
What is 122202 (base 3) in base 13?
2ab
Convert -33 (base 15) to base 13.
-39
Convert 1175 (base 16) to base 15.
14ce
Convert 358 (base 13) to base 15.
28a
Convert 1110211 (base 3) to base 14.
56b
883 (base 12) to base 9
1640
Convert -21143 (base 7) to base 5.
-131400
What is -3512 (base 9) in base 13?
-1253
23021 (base 7) to base 10
5846
What is -8349 (base 10) in base 8?
-20235
Convert -1101 (base 4) to base 14.
-5b
What is 1302022 (base 4) in base 11?
5542
What is -21 (base 16) in base 14?
-25
What is -3104 (base 14) in base 9?
-12508
What is -3253 (base 11) in base 4?
-1003011
Convert 1993 (base 10) to base 3.
2201211
Convert -1332301 (base 6) to base 10.
-74413
a137 (base 12) to base 2
100010000111011
What is 263 (base 13) in base 5?
3134
34426 (base 11) to base 2
1100001001011111
-1b4 (base 14) to base 5
-2404
-120212 (base 3) to base 2
-110101100
-203122 (base 4) to base 11
-1780
Convert 3474 (base 12) to base 8.
13330
Convert -1314 (base 8) to base 5.
-10331
What is -5542 (base 7) in base 14?
-a22
Convert -101112 (base 3) to base 4.
-10130
Convert -1545 (base 10) to base 16.
-609
39291 (base 10) to base 13
14b65
372 (base 12) to base 16
206
10250 (base 7) to base 2
100111100110
33011 (base 6) to base 11
3460
What is 201120 (base 3) in base 4?
20100
Convert -29b (base 16) to base 4.
-22123
What is -658 (base 9) in base 5?
-4124
What is 339 (base 14) in base 15?
2c9
Convert -8b1 (base 14) to base 9.
-2324
-205155 (base 8) to base 3
-10110120010
What is 2003111 (base 4) in base 12?
4a45
Convert -5b84 (base 13) to base 2.
-11001010011000
Convert 5d90 (base 15) to base 3.
1000100100
Convert -315 (base 7) to base 4.
-2133
Convert -207 (base 13) to base 5.
-2340
173 (base 8) to base 3
11120
What is 55 (base 14) in base 7?
135
What is 10102012012 (base 3) in base 15?
14da8
731 (base 13) to base 9
1608
Convert -16240 (base 7) to base 8.
-10751
-254 (base 7) to base 6
-345
2247 (base 10) to base 9
3066
What is -234323 (base 5) in base 7?
-34255
What is 215543 (base 6) in base 3?
220212200
226 (base 9) to base 11
15a
100101101 (base 2) to base 12
211
23655 (base 8) to base 2
10011110101101
Convert -8640 (base 15) to base 16.
-6efa
Convert -14005 (base 8) to base 14.
-2353
What is -123000 (base 4) in base 9?
-2330
Convert 202120 (base 3) to base 8.
1053
What is -150543 (base 6) in base 9?
-21750
Convert -1029 (base 10) to base 4.
-100011
Convert -110100111 (base 2) to base 8.
-647
-203 (base 6) to base 11
-69
-1100011111101011 (base 2) to base 12
-2574b
-6337 (base 13) to base 2
-11010110100111
What is 3cb6 (base 14) in base 10?
10744
1629 (base 12) to base 8
5101
What is -54366 (base 9) in base 11?
-2507a
What is 2453 (base 6) in base 8?
1141
Convert -1421 (base 5) to base 16.
-ec
Convert 1b2 (base 14) to base 15.
187
What is 1196 (base 10) in base 6?
5312
Convert -267 (base 11) to base 9.
-380
88433 (base 9) to base 4
32110302
Convert 873a (base 16) to base 15.
a3cd
What is -1413 (base 7) in base 9?
-670
-758 (base 12) to base 5
-13301
-306d (base 14) to base 11
-6292
-11 (base 10) to base 12
-b
Convert 100111111001001 (base 2) to base 13.
93b2
Convert -20130 (base 4) to base 11.
-451
-23026 (base 7) to base 10
-5851
-22d (base 14) to base 13
-274
36b4 (base 16) to base 6
144500
Convert -56 (base 7) to base 2.
-101001
Convert -68 (base 13) to base 6.
-222
14748 (base 11) to base 10
20864
Convert 2232 (base 4) to base 15.
b9
Convert 2984 (base 12) to base 11.
3711
What is 463 (base 9) in base 11?
317
What is -234410 (base 6) in base 3?
-1001001120
What is 131310 (base 4) in base 14?
9a4
Convert -53b (base 12) to base 13.
-470
-442 (base 8) to base 2
-100100010
1333 (base 10) to base 14
6b3
What is 10211 (base 4) in base 3?
101212
What is 112002 (base 3) in base 5?
3010
Convert -2738b (base 13) to base 4.
-101312203
What is 1103 (base 7) in base 11?
32a
752 (base 9) to base 4
21212
Convert -1b63 (base 15) to base 16.
-1737
Convert -1001011011 (base 2) to base 13.
-375
1025 (base 10) to base 13
60b
51231 (base 6) to base 4
1222003
Convert 6184 (base 12) to base 6.
121044
-22ec (base 16) to base 8
-21354
Convert 5904 (base 10) to base 5.
142104
What is 124002 (base 5) in base 16?
130d
What is -36341 (base 7) in base 5?
-300222
85563 (base 9) to base 11
39580
-21342 (base 5) to base 3
-2000112
Convert 323122 (base 4) to base 5.
110202
22e9 (base 16) to base 6
105213
What is -54 (base 14) in base 9?
-82
-3326 (base 14) to base 11
-671a
Convert 22202 (base 3) to base 5.
1421
Convert -3240 (base 5) to base 10.
-445
b20f (base 16) to base 14
1287d
7030 (base 12) to base 3
121122100
Convert 415 (base 8) to base 14.
153
What is -69 (base 10) in base 15?
-49
Convert 10000001011111 (base 2) to base 7.
33106
Convert -34450 (base 6) to base 15.
-16d6
142142 (base 5) to base 6
43230
Convert 3505 (base 6) to base 10.
833
-2423 (base 9) to base 8
-3413
-122 (base 14) to base 12
-16a
What is -d4c (base 15) in base 3?
-11010000
Convert -10400 (base 5) to base 12.
-505
What is 17710 (base 8) in base 12?
4860
1725 (base 8) to base 4
33111
1000022 (base 3) to base 11
610
32 (base 6) to base 3
202
Convert -110100100 (base 2) to base 14.
-220
627 (base 8) to base 16
197
What is 1f8 (base 16) in base 15?
239
Convert 8a2 (base 14) to base 6.
11530
What is 212c (base 13) in base 4?
1013321
What is 112101 (base 3) in base 6?
1444
What is -5100 (base 8) in base 9?
-3535
153a (base 14) to base 16
ec0
What is -1124002 (base 5) in base 13?
-9441
Convert -a62 (base 16) to base 5.
-41113
What is 10012 (base 6) in base 15?
5be
What is 222110 (base 3) in base 13?
42c
-10111010100 (base 2) to base 16
-5d4
What is 112020 (base 4) in base 10?
1416
Convert 1010110100 (base 2) to base 11.
57a
What is -20440 (base 5) in base 8?
-2532
Convert -2332 (base 13) to base 4.
-1031032
Convert -4639 (base 16) to base 7.
-103261
What is 564 (base 13) in base 6?
4143
Convert -258 (base 15) to base 7.
-1361
14 (base 7) to base 15
b
27d (base 15) to base 7
1441
7652 (base 15) to base 9
37325
2513 (base 6) to base 11
515
Convert -1104423 (base 5) to base 10.
-19363
-2472 (base 11) to base 14
-1265
Convert -469 (base 14) to base 16.
-36d
-131741 (base 8) to base 11
-31663
10235 (base 7) to base 5
40100
What is 110000011 (base 2) in base 8?
603
What is -180 (base 10) in base 11?
-154
What is -112001 (base 3) in base 13?
-232
What is -3de (base 16) in base 2?
-1111011110
-182 (base 16) to base 3
-112022
What is -101100110000 (base 2) in base 9?
-3832
What is -11 (base 9) in base 11?
-a
12163 (base 8) to base 3
21011220
-7aa1 (base 12) to base 2
-11010101011001
What is -2993 (base 11) in base 16?
-f0d
Convert 220401 (base 5) to base 2.
1110110110001
What is 1003131 (base 4) in base 8?
10335
5491 (base 11) to base 5
212424
What is d10 (base 16) in base 14?
130c
What is 1789 (base 10) in base 8?
3375
What is 135 (base 16) in base 7?
621
Convert 45553 (base 6) to base 7.
24612
-51405 (base 6) to base 8
-15275
What is -22140 (base 5) in base 7?
-4335
What is 101202 (base 3) in base 8?
442
-9ca (base 13) to base 15
-777
What is -4a16 (base 13) in base 8?
-24401
Convert 3633 (base 8) to base 13.
b6a
Convert -1745 (base 9) to base 14.
-6b7
11010111 (base 2) to base 16
d7
-1171 (base 13) to base 16
-99a
Convert -4c81 (base 13) to base 10.
-10921
Convert 1112112 (base 3) to base 11.
92a
-12a9a (base 12) to base 3
-1022022201
111532 (base 6) to base 12
55a8
Convert 3777 (base 16) to base 4.
3131313
-1212 (base 11) to base 2
-11000110010
Convert 53d (base 15) to base 14.
607
641 (base 16) to base 7
4445
Convert 22607 (base 8) to base 5.
301412
21257 (base 9) to base 13
652c
What is 495 (base 10) in base 14?
275
What is -14031 (base 9) in base 11?
-7161
What is -1262 (base 15) in base 9?
-5332
What is 100010001010101 (base 2) in